4 = 4*d. Calculate the greatest common factor of 4 and d.
4
Let x(v) = -v**2 + 4*v + 5. Let m be x(4). Suppose 0 = -5*b + 73 - 3. Let j = b - -41. What is the greatest common divisor of m and j?
5
Let c be ((-445)/(-35) - -3) + 4/14. Let b(j) = -j**3 + 9*j**2 - 6*j + 10. Let f be b(5). What is the highest common factor of c and f?
16
Suppose -10*g + 56 = 3*z - 6*g, -4*z - g + 53 = 0. What is the greatest common divisor of z and 840?
12
Suppose -2*j = -j - f, -4*j + 8 = -2*f. Let x = -20 - -37. Suppose -x = -j*u + 103. Calculate the greatest common factor of u and 75.
15
Let t be (-2)/3 + 238/51. Calculate the highest common factor of 46 and t.
2
Let k(n) = 4*n**2 + 16*n - 44. Let p be k(-12). Calculate the greatest common divisor of 935 and p.
85
Suppose 12 = 2*z + 4*s, 5 = -z - 4*z - 3*s. Let l be 1/((16/3148)/z). Let p = -499 - l. Calculate the greatest common factor of p and 32.
32
Let b = 2023 + -1972. Suppose -143 = -2*y + 61. What is the greatest common factor of y and b?
51
Let z(d) = 17*d + 13. Let h be z(8). Let b = 38 + h. Calculate the greatest common divisor of b and 17.
17
Let z(d) = -17*d - 12. Let y be z(-4). What is the greatest common factor of 224 and y?
56
Suppose 8 = f + 3*a, 5*f + 4*a = 5*a - 24. Let p be f/(-6)*105/14. Suppose -p*l = -l - 640. What is the greatest common factor of 16 and l?
16
Let y = -89 + 222. Calculate the highest common factor of 21 and y.
7
Let h be 17/(34/12) - -16. What is the highest common divisor of 66 and h?
22
Let v = -35 - -68. Let c be (-141)/94*(0 + 88/(-6)). Calculate the greatest common factor of v and c.
11
Let x(o) = o**3 + 11*o**2 - o - 5. Let f be x(-11). Let u = f + 12. Let h = 2 + u. Calculate the highest common divisor of 10 and h.
10
Suppose 2*c = 1 + 1. Let m be -3 + 12 + c + 1. What is the greatest common factor of m and 110?
11
Let b(p) = -3*p**2 + 4*p + 2. Let r be b(2). Let n be (510/(-25) - 2/(-5))/r. Calculate the greatest common divisor of 10 and n.
10
Let i(o) = 6*o**3 - 2*o**2 + 7 + 12*o + 13*o**3 - 25*o**3 + 5*o**3. Let q = 7 + -12. Let v be i(q). Calculate the greatest common divisor of v and 242.
22
Let d(x) = -x**2 - 43*x - 55. Let l be d(-35). What is the highest common divisor of 180 and l?
45
Let r = 5 + -3. Let u be (r + -11)/((-2)/14). Let a = -1121 - -1128. Calculate the highest common divisor of u and a.
7
Suppose -9 = -3*j + 3. Suppose g = -j*m + 16, 4*m - 3*m - 4 = 2*g. Let w(k) = 12*k**2 + k - 1. Let u be w(1). Calculate the highest common divisor of m and u.
4
Suppose -3*x - 20 = -35. Let n be 27/x - 18/45. Calculate the greatest common divisor of 20 and n.
5
Let i = 58 + -50. Let k be 988/i - (3 - 27/6). Let j(g) = -g**3 - 7*g**2 - 5*g - 10. Let c be j(-7). Calculate the greatest common factor of c and k.
25
Let g(d) = 6*d**2 + 4*d**2 + 3 + 5*d**2 - 14*d**2 - 2*d. Let t be g(4). What is the highest common factor of 77 and t?
11
Suppose -b = -3*b - 58. Let v = 174 - b. What is the highest common divisor of v and 29?
29
Suppose -1884 = 2*q - 2074. Calculate the highest common factor of 152 and q.
19
Let y(u) = -117*u - 82. Let t be y(-2). Calculate the greatest common factor of 16 and t.
8
Suppose -3*v = w - 2*w - 80, -v = -2*w - 30. Suppose v = -3*s + 134. Suppose -5*x + s = -2*c, -3*c - 6 = 3. What is the greatest common divisor of 2 and x?
2
Suppose -455 - 208 = -51*x. What is the greatest common factor of x and 143?
13
Let s(d) = d - 6. Let h be s(-8). Let m be h/(-2) + -3 + 16. Calculate the highest common divisor of 30 and m.
10
Suppose -5*d + z = -8*d + 50, 4*d - z = 76. What is the greatest common factor of d and 450?
18
Let x = 14 - 10. Suppose 2*p = -42 + 262. Suppose 0 = -5*f + 2*j + p, 0 = -f - 5*j - 1 - 4. Calculate the highest common factor of x and f.
4
Let b = -133 + 52. Let q = b + 158. Calculate the greatest common factor of 11 and q.
11
Let g be (-18)/(-4)*(0 - -2). Let z = 8 + -28. Let p(m) = -3*m - 15. Let l be p(z). Calculate the highest common factor of l and g.
9
Let i(u) = -2*u**3 - 5*u**2 - 4. Let a be i(-4). Let g = 176 + -88. Suppose -3*z - 5*z = -g. Calculate the greatest common divisor of z and a.
11
Suppose 5*c - 4*q = 46 - 5, 0 = -3*c - q + 28. Suppose 18 = 9*u - c. What is the greatest common factor of u and 12?
3
Let p = 10 - -42. Let s be (64/(-10))/(p/20 - 3). What is the highest common divisor of 144 and s?
16
Suppose 0 = -3*g - 12, 2*g = -0*p + 5*p - 203. Suppose 165 = 4*j - 3*c + p, 4*j = 5*c + 130. Calculate the highest common divisor of j and 15.
15
Let z = -2 + 6. Let r be 2 + -4 - (32 - 1). Let m = r + 45. What is the highest common divisor of m and z?
4
Let t(k) = -k**3 + 8*k**2 - 7*k + 10. Let m be t(7). Let o be (12/m)/(6/260). What is the highest common divisor of 4 and o?
4
Suppose 9*x - 4*x = 420. Suppose 3*o = -r + 89, 3*o - 16*r - 64 = -12*r. What is the greatest common divisor of x and o?
28
Let y = 24 - 9. Let v be 9*3*y/27. What is the greatest common divisor of 135 and v?
15
Let f = 740 - 320. Suppose -6*r - 14*r + f = 0. Suppose 7*l = 2*l + 315. Calculate the greatest common factor of r and l.
21
Suppose 4*u = -f + 39 - 499, 0 = u - f + 110. Let s be (u/8)/(6/(-64)). Let y be (3 - 1)*(-19)/(-2). What is the highest common factor of y and s?
19
Let r be (-1)/(2/16 - 0). Let c be ((-3)/(-6))/((-2)/r). Suppose 5*b - 90 = -5*s, -36 = -2*b + s + c*s. What is the highest common factor of 9 and b?
9
Suppose r = -2*r + 9, -66 = -4*p - 2*r. Let x = -20 - -17. Let a be 12 + (0/(-1) - x). What is the greatest common divisor of p and a?
15
Let j be -1*(1 - 32)*-7. Let l = -109 - j. What is the greatest common divisor of 12 and l?
12
Suppose -5*d - h + 182 = h, 3*h = 3*d - 126. Let a(n) = n**3 + 8*n**2 + 3*n - 3. Let c be a(-5). Calculate the greatest common divisor of c and d.
19
Suppose 140 = 46*v - 41*v. Calculate the greatest common factor of 224 and v.
28
Let g = -21 + 22. Suppose -f + 3 = g. Let y(o) = 12*o**2 - 3*o. Let u be y(f). Calculate the greatest common factor of 6 and u.
6
Let o be (-1 + -2)*(-84)/(-9)*-1. Calculate the highest common factor of o and 63.
7
Suppose 16*c - 305 = -49. What is the highest common factor of c and 320?
16
Let g(l) = -18*l - 12. Let r be g(-9). Calculate the highest common divisor of 6 and r.
6
Suppose 8*j - 9*j + 39 = -k, 172 = 4*j + 4*k. Calculate the greatest common divisor of 328 and j.
41
Let p(h) = -h**3 + 15*h**2 - 24*h - 24. Let a be p(13). What is the highest common factor of a and 74?
2
Let p be 32 + 2*2/(-16)*-4. Calculate the greatest common factor of p and 187.
11
Suppose -5*l + 3 + 22 = 0. Let b = l - -39. What is the highest common divisor of b and 4?
4
Suppose 304 = 5*a - a. Suppose -11*n + 10*n = -a. Calculate the greatest common factor of 19 and n.
19
Suppose 5*m + 18 = -t, 3*t - 4*m - 33 = -11. Let g be 2 + -5 - (-1 - t). Suppose -5*p - 32 + 87 = g. What is the highest common divisor of p and 22?
11
Let p = 21 - 36. Let v = -1 - p. Let y = 25 + 31. Calculate the highest common divisor of v and y.
14
Let t(a) be the first derivative of 3*a**2/2 - 16*a + 2. Suppose 0 = -3*q - 19 + 43. Let g be t(q). What is the highest common divisor of 20 and g?
4
Suppose 0 = 32*c - 37*c + 225. What is the greatest common divisor of 25 and c?
5
Suppose 5*k + 2*s - 58 = 0, 3*s = -4*k - 2*s + 43. Suppose 4*h - 48 = 64. Let l be 9/45 - h/(-10). Calculate the greatest common factor of k and l.
3
Let s(d) = 4*d**2 - 8*d. Let c be s(3). What is the highest common factor of 52 and c?
4
Let n be 3/9*(126 - 3). Let j = 44 - n. What is the highest common divisor of j and 24?
3
Let t = -847 + 884. What is the greatest common divisor of t and 925?
37
Suppose -s - 2*s = -5*i + 66, 2*i + 2*s = 36. Let r be (-18)/(-7)*(-2485)/(-1065). Calculate the greatest common factor of r and i.
3
Let m = -22 - -209. Suppose 7*a - 373 = m. Let w(i) = -i**2 + 7*i + 4. Let l be w(4). What is the highest common factor of l and a?
16
Let k = -228 + 319. Let v(c) = c - 9. Let h be v(11). Suppose -h*d - d + 39 = 0. Calculate the highest common divisor of d and k.
13
Let m(a) = a**3 - 20*a**2 + 2*a - 26. Let q be m(20). Calculate the highest common factor of 1106 and q.
14
Let m be 2/(-6)*(-2 - 16). Suppose 0 = 3*o - 2*y - 233, 0 = 5*o + m*y - y - 430. Calculate the greatest common factor of o and 9.
9
